or of o and 22.
22
Suppose 3*b - 266 = -2*s, 4*b + 4*s - 105 - 251 = 0. Calculate the greatest common divisor of b and 132.
44
Let p be (24/8)/(2/28). What is the greatest common factor of p and 6?
6
Let o be (-52)/(-20) + (-2)/(-5). Suppose 0 = -o*k + 207 + 9. What is the greatest common factor of 9 and k?
9
Let k be ((-2)/4)/((-10)/20). Calculate the highest common divisor of k and 7.
1
Let g = 795 + -531. Let j(p) = 3*p**2 - 3. Let c be j(3). Calculate the highest common factor of c and g.
24
Let o(p) = -182*p - 1. Let z be o(-9). Let d be (-10)/(-55) + z/11. Let x = d - 30. Calculate the highest common divisor of x and 17.
17
Let i(n) = 2*n**2 + 3*n - 3. Let v be i(2). Let z be (-5)/(-10) - v/(-2). Calculate the greatest common divisor of 2 and z.
2
Let m = -7 + 196. Calculate the highest common factor of m and 42.
21
Suppose 4*h + 2*i - 70 = -3*i, 54 = 3*h + 3*i. What is the highest common divisor of 240 and h?
20
Let n be ((-44)/(-20))/(1/5). Let z = n + 3. What is the greatest common divisor of 21 and z?
7
Let g be 9/(-15)*-1 - (-885)/25. Calculate the greatest common factor of 396 and g.
36
Suppose 0*t - 2 = -2*t. Let q = 0 - 2. Let p be t/q + (-145)/(-2). Calculate the greatest common divisor of 9 and p.
9
Suppose -5*c = -10*c - 5*k + 155, 103 = 3*c - 2*k. Let d = 1 - -2. Let n(m) = 6*m + 4. Let o be n(d). What is the greatest common factor of o and c?
11
Suppose 7 = 4*a - 5. Suppose 0 = -2*k + a*u + 314, 0 = -3*k + 4*u + 52 + 420. Let v = -33 + 49. What is the highest common divisor of v and k?
16
Suppose -5*c + 5 = 0, -1 = 2*w + 4*c - 3. Let j be 0/w - (-2)/1. Suppose -m + 46 = -4*a, -j*m - 10 = -a - 116. What is the greatest common divisor of m and 6?
6
Let c(p) = -p. Let b be c(0). Suppose -2*v + 10 + 14 = b. What is the highest common factor of v and 36?
12
Let m(g) = 3*g - 4. Suppose -5 = -2*w + 5. Let l be m(w). What is the greatest common factor of l and 121?
11
Let n be ((-8)/12)/(4/(-54)). Calculate the highest common divisor of 99 and n.
9
Suppose -5*l + 47 = -18. What is the greatest common factor of l and 91?
13
Suppose 3*a - 36 = -a. Let n(f) be the second derivative of f**3/2 + 9*f**2/2 + 3*f. Let k be n(9). What is the greatest common factor of a and k?
9
Let h(n) = 7*n**2 + 3*n + 2. Let j be h(-3). Suppose 4*y + 28 = x, 3*x - x = 2*y + 26. Suppose x = z + 1. Calculate the highest common factor of j and z.
7
Let l(o) = o**2 + o - 198. Let h be l(0). Let r be (-4)/22 - 1224/h. Calculate the greatest common divisor of r and 42.
6
Let r(t) = -23*t**3 + t. Let h be r(-1). Let z = h + -10. Let u be (128/256)/((-1)/(-6) - 0). Calculate the greatest common factor of u and z.
3
Suppose 2*s = 11 + 17. Suppose 76 - 1386 = -5*m. Suppose 99 = p - 3*t, 3*p - t - t - m = 0. Calculate the greatest common divisor of s and p.
14
Suppose 0 = m - 2*l - 28, 5*l = 2*m - 78 + 23. Let j = 33 + -21. Calculate the greatest common divisor of j and m.
6
Let d = -20 - -29. Suppose 4*n - 2*v = 6, 4*n - d = -v - 0*v. Let x be 4*(0 - (-3)/4). Calculate the highest common divisor of n and x.
1
Let a be (-3 + 12)*14/6. Suppose -3 + 4 = -l - o, 0 = -4*l + o + a. Let u(p) = -4*p. Let j be u(-1). What is the greatest common divisor of l and j?
4
Suppose t + 4 = -4*p, -p = -0*t + 3*t + 12. Let n = t + 6. Suppose 0 = -0*u + n*u - 374. Calculate the greatest common divisor of 17 and u.
17
Let n = 72 - 59. Calculate the greatest common factor of 13 and n.
13
Let s(f) = f**3 - 4*f**2 + f. Let i be s(4). What is the greatest common factor of 8 and i?
4
Let m = 77 - 38. Let s be (-39)/2*(-4)/6. What is the greatest common divisor of m and s?
13
Let u(c) = -c**3 - c**2 + 9*c + 3. Let o be u(-7). What is the highest common factor of o and 13?
13
Let u be (48/40)/(3/20). Calculate the highest common factor of 72 and u.
8
Let g = 159 + -47. What is the greatest common factor of g and 16?
16
Let s be (34/3)/(5/(-15)). Let o be s*(21/(-6) - -3). What is the highest common factor of 17 and o?
17
Let u(m) = -3*m - 5. Let r be u(-4). Suppose -w = -r - 9. What is the greatest common factor of w and 112?
16
Let n(o) = o**3 + 6*o**2 + 4*o + 7. Let j be n(-5). Suppose -2*c + 3 = -1. Suppose 60 = -c*q + 4*q. Calculate the greatest common divisor of j and q.
6
Suppose 2*f - 58 = -22. Suppose -1 = -n + 5. What is the greatest common factor of f and n?
6
Suppose w + w + 8 = 4*r, -5*w + 5*r + 5 = 0. Suppose -5*x + w = -4. Let i be (44/(-4))/(x/(-6)). What is the highest common factor of 22 and i?
11
Suppose 51 + 24 = 5*o. Let d = -9 + 29. Suppose -3*p + d = 2*n, 0 = -4*p + 6*n - 3*n + 21. Calculate the highest common divisor of p and o.
3
Let v(x) be the third derivative of 0 - 1/6*x**4 + 0*x - 2*x**2 + 5/6*x**3 + 1/60*x**5. Let l be v(6). Calculate the highest common divisor of l and 85.
17
Let c = 5 - 6. Let u = c - -28. Let l be (-2)/(1/((-9)/6)). What is the greatest common divisor of l and u?
3
Suppose 0 = -n + 3 - 0. Let r be (21/2)/(12/32). Suppose r + 2 = 5*g. What is the highest common divisor of g and n?
3
Suppose 2*g + 6*g = 464. What is the highest common factor of 87 and g?
29
Let x(c) = -7*c**3 + c**2 + c + 1. Let w be x(-1). Let g be 1086/15 + (-4)/10. Calculate the greatest common factor of w and g.
8
Let j(m) = m**2 + 4*m + 2. Let x be j(-4). Suppose 26 = x*w - 2. What is the greatest common factor of w and 154?
14
Let w(x) = -x - 10. Let g be w(0). Let p = 162 + g. Calculate the greatest common factor of p and 19.
19
Suppose -4*m - 64 = 2*r - 4*r, -2*m - 60 = -2*r. Let h = 148 - r. Calculate the highest common divisor of h and 15.
15
Suppose -2*l + 0*g + g = -21, 0 = 2*l - 2*g - 26. Let w = -41 - -129. What is the highest common divisor of w and l?
8
Suppose 3*g - 2*o = 36, 54 - 18 = 3*g + o. Calculate the highest common divisor of 6 and g.
6
Suppose 5*g + 0*z + 2*z - 6 = 0, -8 = -g + 3*z. Calculate the greatest common divisor of 18 and g.
2
Let m(z) = 14*z - 3. Let f be m(1). Suppose i + 4*k - 10 = 0, 0 = -2*i - 0*k - k + 13. Let w be (-2)/6 - (-8)/i. What is the greatest common divisor of f and w?
1
Let w(x) = x**3 + 24*x**2 + 42*x + 26. Let n be w(-22). Calculate the greatest common divisor of 20 and n.
10
Let p(y) = 2*y**2 - 8*y + 3. Let c be p(7). Let l = -29 + c. Calculate the greatest common divisor of l and 40.
8
Let v be (1 - 45)/((-4)/(-6)). Let m = -30 - v. Let u be 24*2/6*3. Calculate the greatest common divisor of m and u.
12
Let h(p) = -p**3 - 4*p**2 - 4*p + 1. Let y be h(-4). Suppose 5 = -2*o + y. Let f be (-2 - (-4)/o)*-72. Calculate the highest common factor of f and 12.
12
Suppose 0 = 16*j - 17*j + 54. What is the greatest common divisor of 6 and j?
6
Let o = 19 + -10. Suppose 0 = -6*s + 2*s + 36. Calculate the greatest common divisor of s and o.
9
Let w = 61 - 36. What is the greatest common divisor of w and 10?
5
Let k(t) = 2*t - 10. Let s be k(7). Let j be 18/(8/6 + -2). Let z = j - -55. What is the highest common factor of s and z?
4
Let a = 6 + 1. Let b = a + 17. What is the greatest common divisor of b and 3?
3
Let u(x) = 19*x - 1. Let q be u(1). Let o be 1*(q/2 + 1). What is the highest common factor of 80 and o?
10
Let v(k) = -2*k + 37. Let s be v(14). Calculate the greatest common divisor of s and 36.
9
Let f = -30 - -42. What is the highest common factor of 60 and f?
12
Let l(j) = j**3 + 4*j**2 + 3*j + 3. Let d be l(-3). Suppose 2*g + 25 - 6 = 5*q, 0 = -2*q + 10. Calculate the highest common factor of d and g.
3
Let a(d) = -2*d - 10. Let g be a(-7). Suppose g*v = 2*r + 12, 3*r + 2 = 5*v - 3*v. Let q be (-2)/4 - (-5)/r. What is the greatest common factor of 3 and q?
1
Let y(h) = 17*h + 27. Let n be y(3). What is the greatest common factor of n and 12?
6
Suppose 0*v = -v + 2. Suppose -v*i = -0*i - 12. Let c be -5*(-3 - -2) - -1. What is the highest common factor of i and c?
6
Let l be -2 + 210/27 + 4/18. Calculate the highest common factor of 39 and l.
3
Let s = 41 + -13. Calculate the greatest common factor of 35 and s.
7
Suppose 5*w = 5*f + 605, 5*w + 3*f - 478 - 95 = 0. What is the highest common divisor of w and 78?
39
Let r(m) = 4*m - 2. Let c be r(2). Let p = c - -2. What is the greatest common divisor of p and 2?
2
Suppose 3*x - 5*x + 70 = 0. What is the highest common factor of 7 and x?
7
Suppose -3*g + 41 = 110. Let v be 